{"id":4,"date":"2017-12-08T11:54:23","date_gmt":"2017-12-08T10:54:23","guid":{"rendered":"https:\/\/fair-rhein.de\/geldern\/?page_id=4"},"modified":"2024-04-10T08:41:31","modified_gmt":"2024-04-10T06:41:31","slug":"startseite","status":"publish","type":"page","link":"https:\/\/fair-rhein.de\/geldern\/","title":{"rendered":"Startseite"},"content":{"rendered":"<div class=\"wpb-content-wrapper\"><p>[vc_row][vc_column][vc_column_text]<\/p>\n<h2>Willkommen im Weltladen Geldern !<\/h2>\n<p>[\/vc_column_text][vc_column_text]Wir freuen uns, dass Sie sich f\u00fcr uns, unsere Produkte und den Fairen Handel interessieren.<br \/>\nWir w\u00fcnschen Ihnen viel FAIRgn\u00fcgen beim Surfen auf unserer Homepage und freuen uns auf einen Besuch im Weltladen.[\/vc_column_text][\/vc_column][\/vc_row][vc_row][vc_column][\/vc_column][\/vc_row][vc_row type=&#8220;vc_default&#8220; full_width=&#8220;stretch_row&#8220; gap=&#8220;5&#8243; equal_height=&#8220;yes&#8220; css_animation=&#8220;fadeIn&#8220; bg_type=&#8220;bg_color&#8220; bg_color_value=&#8220;#f4f4f4&#8243; el_class=&#8220;silbentrennung&#8220;][vc_column width=&#8220;1\/3&#8243;][vc_single_image image=&#8220;122&#8243; img_size=&#8220;full&#8220; onclick=&#8220;custom_link&#8220; lazy_loading=&#8220;true&#8220; link=&#8220;\/\/fair-rhein.de\/geldern\/weltladen\/&#8220;][vc_column_text]<\/p>\n<h4><strong>Weltladen<\/strong><\/h4>\n<p>Der Weltladen wird betrieben vom Verein \u201eEine Welt \u2013 \u00d6kumenische Projektgruppe Geldern e.V.\u201c Im Angebot sind fair gehandelte Waren aus dem Lebensmittel- und Kunstgewerbebereich. <a href=\"\/\/fair-rhein.de\/geldern\/weltladen\/\">+ schauen Sie rein<\/a>[\/vc_column_text][\/vc_column][vc_column width=&#8220;1\/3&#8243;][vc_single_image image=&#8220;123&#8243; img_size=&#8220;300&#215;200&#8243; onclick=&#8220;custom_link&#8220; link=&#8220;\/\/fair-rhein.de\/geldern\/fairer-handel\/&#8220;][vc_column_text]<\/p>\n<h4><strong>Fairer Handel<\/strong><\/h4>\n<p>Fairer Handel ist eine internationale Bewegung f\u00fcr mehr Gerechtigkeit im Welthandel. Er ist eine Handelspartnerschaft, die auf Dialog, Transparenz und Respekt beruht. <a href=\"\/\/fair-rhein.de\/geldern\/fairer-handel\/\">+ weiterlesen<\/a>[\/vc_column_text][\/vc_column][vc_column width=&#8220;1\/3&#8243;][vc_single_image image=&#8220;26&#8243; img_size=&#8220;300&#215;200&#8243; onclick=&#8220;custom_link&#8220; link=&#8220;\/\/fair-rhein.de\/geldern\/aktuelles\/&#8220;][vc_column_text]<\/p>\n<h4><strong>Aktuelles<\/strong><\/h4>\n<p>Hier finden Sie Informationen zu besonderen Aktionen des Vereins mit dem Ziel, die Produkte bekannt zu machen und das Bewusstsein f\u00fcr einen gerechteren Handel zu sch\u00e4rfen. <a href=\"\/\/fair-rhein.de\/geldern\/aktuelles\/\">+ mehr erfahren<\/a>[\/vc_column_text][\/vc_column][\/vc_row][vc_row type=&#8220;vc_default&#8220; full_width=&#8220;stretch_row&#8220; gap=&#8220;5&#8243; equal_height=&#8220;yes&#8220; css_animation=&#8220;fadeIn&#8220; bg_type=&#8220;bg_color&#8220; bg_color_value=&#8220;#f4f4f4&#8243; el_class=&#8220;silbentrennung&#8220;][vc_column width=&#8220;1\/3&#8243;][vc_single_image image=&#8220;124&#8243; img_size=&#8220;300&#215;200&#8243; onclick=&#8220;custom_link&#8220; link=&#8220;\/\/fair-rhein.de\/geldern\/projekte\/&#8220;][vc_column_text]<\/p>\n<h4><strong>Projekte<\/strong><\/h4>\n<p>Mit dem Erl\u00f6s aus dem Verkauf von fair gehandelten\u00a0 Waren und den Spenden an den Verein unterst\u00fctzen wir soziale Projekte in verschiedenen L\u00e4ndern. <a href=\"\/\/fair-rhein.de\/geldern\/projekte\/\">+ mehr erfahren<\/a>[\/vc_column_text][\/vc_column][vc_column width=&#8220;1\/3&#8243;][vc_single_image image=&#8220;127&#8243; img_size=&#8220;300&#215;200&#8243; onclick=&#8220;custom_link&#8220; link=&#8220;\/\/fair-rhein.de\/geldern\/verein\/&#8220;][vc_column_text]<\/p>\n<h4><strong>Verein<\/strong><\/h4>\n<p>Der Verein \u201eEine Welt \u2013 \u00d6kumenische Projektgruppe Geldern e.V.\u201c besteht seit 1989. Er unterst\u00fctzt und f\u00f6rdert Entwicklungsprojekte in der sogenannten dritten Welt. <a href=\"\/\/fair-rhein.de\/geldern\/verein\/\">+ weiterlesen<\/a>[\/vc_column_text][\/vc_column][vc_column width=&#8220;1\/3&#8243;][vc_single_image image=&#8220;2904&#8243; img_size=&#8220;300&#215;200&#8243;][vc_column_text]<\/p>\n<h4><strong>Weltladen Info<\/strong><\/h4>\n<p>Seit \u00fcber einem Jahr sammelt der Weltladen Kerzenwachs f\u00fcr die Ukraine, damit dort sog. B\u00fcchsenlichter hergestellt werden k\u00f6nnen. Diese spenden in dem vom Krieg ersch\u00fctterten Land Licht und W\u00e4rme. Zudem werden sie als Herdersatz zum Kochen verwendet.<\/p>\n<p>Und die Sammelaktion geht uneingeschr\u00e4nkt weiter!<br \/>\n<span style=\"color: #ff0000\">+ <a href=\"#ak-BriefHelga\">mehr<\/a><br \/>\n<\/span>[\/vc_column_text][vc_column_text el_class=&#8220;ek-BriefHelga&#8220;]Gesammelt werden Wachsreste und intakte Kerzen ohne Glas- und Plastikumfassung. Sie k\u00f6nnen direkt beim <strong>Weltladen in Geldern an der Gelderstra\u00dfe 8<\/strong>, im Foyer der <strong>Stadtverwaltung Geldern<\/strong> am Issumer Tor 36 oder bei <strong>Familie Heix<\/strong>, Am Neray 40 in Geldern (hier vor die Garage stellen), abgegeben werden.[\/vc_column_text][\/vc_column][\/vc_row][vc_row el_class=&#8220;ek-weltladeninfo&#8220;][vc_column][vc_column_text][\/vc_column_text][vc_empty_space][\/vc_column][\/vc_row][vc_row type=&#8220;vc_default&#8220; full_width=&#8220;stretch_row&#8220; bg_type=&#8220;bg_color&#8220; bg_color_value=&#8220;#e77600&#8243;][vc_column][vc_column_text]<\/p>\n<p style=\"text-align: left\"><span style=\"color: #ffffff\">&#8222;W<\/span><span style=\"color: #ffffff\">enn die <\/span><span style=\"color: #ffffff\"> L\u00e4nder des \u00dcberflusses den Entwicklungsl\u00e4ndern gerechte Preise f\u00fcr ihre Produkte zahlen w\u00fcrden, k\u00f6nnten sie ihre Unterst\u00fctzung und ihre Hilfspl\u00e4ne f\u00fcr sich behalten.&#8220; \u00a0<em>Dom Helder Camara<\/em><\/span><\/p>\n<p>[\/vc_column_text][\/vc_column][\/vc_row]<\/p>\n<\/div>","protected":false},"excerpt":{"rendered":"<p>[vc_row][vc_column][vc_column_text] Willkommen im ! [\/vc_column_text][vc_column_text]Wir freuen uns, dass Sie sich f\u00fcr uns, unsere Produkte und den Fairen Handel interessieren. Wir&hellip;<\/p>\n","protected":false},"author":23,"featured_media":0,"parent":0,"menu_order":0,"comment_status":"closed","ping_status":"closed","template":"","meta":{"footnotes":""},"class_list":["post-4","page","type-page","status-publish","hentry","description-off"],"_links":{"self":[{"href":"https:\/\/fair-rhein.de\/geldern\/wp-json\/wp\/v2\/pages\/4","targetHints":{"allow":["GET"]}}],"collection":[{"href":"https:\/\/fair-rhein.de\/geldern\/wp-json\/wp\/v2\/pages"}],"about":[{"href":"https:\/\/fair-rhein.de\/geldern\/wp-json\/wp\/v2\/types\/page"}],"author":[{"embeddable":true,"href":"https:\/\/fair-rhein.de\/geldern\/wp-json\/wp\/v2\/users\/23"}],"replies":[{"embeddable":true,"href":"https:\/\/fair-rhein.de\/geldern\/wp-json\/wp\/v2\/comments?post=4"}],"version-history":[{"count":132,"href":"https:\/\/fair-rhein.de\/geldern\/wp-json\/wp\/v2\/pages\/4\/revisions"}],"predecessor-version":[{"id":2906,"href":"https:\/\/fair-rhein.de\/geldern\/wp-json\/wp\/v2\/pages\/4\/revisions\/2906"}],"wp:attachment":[{"href":"https:\/\/fair-rhein.de\/geldern\/wp-json\/wp\/v2\/media?parent=4"}],"curies":[{"name":"wp","href":"https:\/\/api.w.org\/{rel}","templated":true}]}}