{"id":4,"date":"2017-12-08T11:54:23","date_gmt":"2017-12-08T10:54:23","guid":{"rendered":"https:\/\/fair-rhein.de\/kalkar\/?page_id=4"},"modified":"2020-08-24T12:21:03","modified_gmt":"2020-08-24T10:21:03","slug":"startseite","status":"publish","type":"page","link":"https:\/\/fair-rhein.de\/kalkar\/","title":{"rendered":"Startseite"},"content":{"rendered":"<div class=\"wpb-content-wrapper\"><p>[vc_row][vc_column][vc_column_text]<\/p>\n<h2>Willkommen im Weltladen Kalkar  !<\/h2>\n<p>[\/vc_column_text][vc_separator][\/vc_column][\/vc_row][vc_row][vc_column][vc_column_text]Wir freuen uns, wenn Sie uns und den Fairen Handel auch jetzt durch Ihren Einkauf unterst\u00fctzen![\/vc_column_text][vc_separator][vc_empty_space][vc_column_text]Wir freuen uns, dass Sie sich f\u00fcr uns, unsere Produkte und den Fairen Handel interessieren.<br \/>\nWir w\u00fcnschen Ihnen viel FAIRgn\u00fcgen beim Surfen auf unserer Homepage und freuen uns auf einen Besuch im Weltladen.[\/vc_column_text][\/vc_column][\/vc_row][vc_row type=&#8220;vc_default&#8220; full_width=&#8220;stretch_row&#8220; gap=&#8220;5&#8243; equal_height=&#8220;yes&#8220; css_animation=&#8220;fadeIn&#8220; bg_type=&#8220;bg_color&#8220; bg_color_value=&#8220;#f4f4f4&#8243; el_class=&#8220;silbentrennung&#8220;][vc_column width=&#8220;1\/2&#8243;][vc_single_image image=&#8220;313&#8243; img_size=&#8220;full&#8220; onclick=&#8220;custom_link&#8220; lazy_loading=&#8220;true&#8220; link=&#8220;https:\/\/fair-rhein.de\/kalkar\/weltladen\/&#8220;][vc_column_text]<\/p>\n<h4><strong>Weltladen<\/strong><\/h4>\n<p>Der Besuch in unserem Weltladen wird zu einer Entdeckungsreise. Tauchen Sie ein in die Welt fremder D\u00fcfte und Geschm\u00e4cker. <a href=\"https:\/\/fair-rhein.de\/kalkar\/weltladen\/\">+ schauen Sie rein<\/a>[\/vc_column_text][\/vc_column][vc_column width=&#8220;1\/2&#8243;][vc_single_image image=&#8220;267&#8243; img_size=&#8220;full&#8220; onclick=&#8220;custom_link&#8220; link=&#8220;https:\/\/fair-rhein.de\/kalkar\/aktuelles\/&#8220;][vc_column_text]<\/p>\n<h4><strong>Aktuelles<\/strong><\/h4>\n<p>Hier finden Sie alle Neuigkeiten rund um den Weltladen und Verein.<br \/>\n<a href=\"https:\/\/fair-rhein.de\/kalkar\/aktuelles\/\">+ mehr erfahren<\/a>[\/vc_column_text][\/vc_column][\/vc_row][vc_row type=&#8220;vc_default&#8220; full_width=&#8220;stretch_row&#8220; gap=&#8220;5&#8243; equal_height=&#8220;yes&#8220; css_animation=&#8220;fadeIn&#8220; bg_type=&#8220;bg_color&#8220; bg_color_value=&#8220;#f4f4f4&#8243; el_class=&#8220;silbentrennung&#8220;][vc_column width=&#8220;1\/2&#8243;][vc_single_image image=&#8220;266&#8243; img_size=&#8220;full&#8220; onclick=&#8220;custom_link&#8220; link=&#8220;https:\/\/fair-rhein.de\/kalkar\/fairer-handel\/&#8220;][vc_column_text]<\/p>\n<h4><strong>Fairer Handel<\/strong><\/h4>\n<p>Fairer Handel ist eine internationale Bewegung f\u00fcr mehr Gerechtigkeit im Welthandel. Er ist eine Handelspartnerschaft, die auf Dialog, Transparenz und Respekt beruht.<br \/>\n<a href=\"https:\/\/fair-rhein.de\/kalkar\/fairer-handel\/\">+ weiterlesen<\/a>[\/vc_column_text][\/vc_column][vc_column width=&#8220;1\/2&#8243;][vc_single_image image=&#8220;300&#8243; img_size=&#8220;full&#8220; onclick=&#8220;custom_link&#8220; link=&#8220;https:\/\/fair-rhein.de\/kalkar\/verein\/&#8220;][vc_column_text]<\/p>\n<h4><strong>Verein<\/strong><\/h4>\n<p>Im Jahr 2006 hat sich unsere Eine-Welt-Gruppe gebildet. Zu unserem Eine-Welt-Team geh\u00f6ren M\u00e4nner und Frauen, die sich ehrenamtlich f\u00fcr den Fairen Handel engagieren. <a href=\"https:\/\/fair-rhein.de\/kalkar\/verein\/\">+\u00a0lernen\u00a0Sie\u00a0uns\u00a0kennen<\/a>[\/vc_column_text][\/vc_column][\/vc_row][vc_row type=&#8220;vc_default&#8220; full_width=&#8220;stretch_row&#8220; bg_type=&#8220;bg_color&#8220; bg_color_value=&#8220;#e77600&#8243;][vc_column][vc_column_text]<\/p>\n<p style=\"text-align: left\"><span style=\"color: #ffffff\">&#8222;Wenn die L\u00e4nder des \u00dcberflusses den Entwicklungsl\u00e4ndern gerechte Preise f\u00fcr ihre Produkte zahlen w\u00fcrden, k\u00f6nnten sie ihre Unterst\u00fctzung und ihre Hilfspl\u00e4ne f\u00fcr sich behalten.&#8220; \u00a0<em>Dom Helder Camara<\/em><\/span><\/p>\n<p>[\/vc_column_text][\/vc_column][\/vc_row]<\/p>\n<\/div>","protected":false},"excerpt":{"rendered":"<p>[vc_row][vc_column][vc_column_text] Willkommen im ! [\/vc_column_text][vc_separator][\/vc_column][\/vc_row][vc_row][vc_column][vc_column_text]Wir freuen uns, wenn Sie uns und den Fairen Handel auch jetzt durch Ihren Einkauf unterst\u00fctzen![\/vc_column_text][vc_separator][vc_empty_space][vc_column_text]Wir&hellip;<\/p>\n","protected":false},"author":23,"featured_media":0,"parent":0,"menu_order":0,"comment_status":"closed","ping_status":"closed","template":"","meta":{"footnotes":""},"class_list":["post-4","page","type-page","status-publish","hentry","description-off"],"_links":{"self":[{"href":"https:\/\/fair-rhein.de\/kalkar\/wp-json\/wp\/v2\/pages\/4","targetHints":{"allow":["GET"]}}],"collection":[{"href":"https:\/\/fair-rhein.de\/kalkar\/wp-json\/wp\/v2\/pages"}],"about":[{"href":"https:\/\/fair-rhein.de\/kalkar\/wp-json\/wp\/v2\/types\/page"}],"author":[{"embeddable":true,"href":"https:\/\/fair-rhein.de\/kalkar\/wp-json\/wp\/v2\/users\/23"}],"replies":[{"embeddable":true,"href":"https:\/\/fair-rhein.de\/kalkar\/wp-json\/wp\/v2\/comments?post=4"}],"version-history":[{"count":30,"href":"https:\/\/fair-rhein.de\/kalkar\/wp-json\/wp\/v2\/pages\/4\/revisions"}],"predecessor-version":[{"id":379,"href":"https:\/\/fair-rhein.de\/kalkar\/wp-json\/wp\/v2\/pages\/4\/revisions\/379"}],"wp:attachment":[{"href":"https:\/\/fair-rhein.de\/kalkar\/wp-json\/wp\/v2\/media?parent=4"}],"curies":[{"name":"wp","href":"https:\/\/api.w.org\/{rel}","templated":true}]}}

<div class="wpb-content-wrapper"><p>[vc_row][vc_column][vc_column_text]</p>
<h2>Willkommen im Weltladen Kalkar  !</h2>
<p>[/vc_column_text][vc_separator][/vc_column][/vc_row][vc_row][vc_column][vc_column_text]Wir freuen uns, wenn Sie uns und den Fairen Handel auch jetzt durch Ihren Einkauf unterstützen![/vc_column_text][vc_separator][vc_empty_space][vc_column_text]Wir freuen uns, dass Sie sich für uns, unsere Produkte und den Fairen Handel interessieren.<br />
Wir wünschen Ihnen viel FAIRgnügen beim Surfen auf unserer Homepage und freuen uns auf einen Besuch im Weltladen.[/vc_column_text][/vc_column][/vc_row][vc_row type=&#8220;vc_default&#8220; full_width=&#8220;stretch_row&#8220; gap=&#8220;5&#8243; equal_height=&#8220;yes&#8220; css_animation=&#8220;fadeIn&#8220; bg_type=&#8220;bg_color&#8220; bg_color_value=&#8220;#f4f4f4&#8243; el_class=&#8220;silbentrennung&#8220;][vc_column width=&#8220;1/2&#8243;][vc_single_image image=&#8220;313&#8243; img_size=&#8220;full&#8220; onclick=&#8220;custom_link&#8220; lazy_loading=&#8220;true&#8220; link=&#8220;https://fair-rhein.de/kalkar/weltladen/&#8220;][vc_column_text]</p>
<h4><strong>Weltladen</strong></h4>
<p>Der Besuch in unserem Weltladen wird zu einer Entdeckungsreise. Tauchen Sie ein in die Welt fremder Düfte und Geschmäcker. <a href="https://fair-rhein.de/kalkar/weltladen/">+ schauen Sie rein</a>[/vc_column_text][/vc_column][vc_column width=&#8220;1/2&#8243;][vc_single_image image=&#8220;267&#8243; img_size=&#8220;full&#8220; onclick=&#8220;custom_link&#8220; link=&#8220;https://fair-rhein.de/kalkar/aktuelles/&#8220;][vc_column_text]</p>
<h4><strong>Aktuelles</strong></h4>
<p>Hier finden Sie alle Neuigkeiten rund um den Weltladen und Verein.<br />
<a href="https://fair-rhein.de/kalkar/aktuelles/">+ mehr erfahren</a>[/vc_column_text][/vc_column][/vc_row][vc_row type=&#8220;vc_default&#8220; full_width=&#8220;stretch_row&#8220; gap=&#8220;5&#8243; equal_height=&#8220;yes&#8220; css_animation=&#8220;fadeIn&#8220; bg_type=&#8220;bg_color&#8220; bg_color_value=&#8220;#f4f4f4&#8243; el_class=&#8220;silbentrennung&#8220;][vc_column width=&#8220;1/2&#8243;][vc_single_image image=&#8220;266&#8243; img_size=&#8220;full&#8220; onclick=&#8220;custom_link&#8220; link=&#8220;https://fair-rhein.de/kalkar/fairer-handel/&#8220;][vc_column_text]</p>
<h4><strong>Fairer Handel</strong></h4>
<p>Fairer Handel ist eine internationale Bewegung für mehr Gerechtigkeit im Welthandel. Er ist eine Handelspartnerschaft, die auf Dialog, Transparenz und Respekt beruht.<br />
<a href="https://fair-rhein.de/kalkar/fairer-handel/">+ weiterlesen</a>[/vc_column_text][/vc_column][vc_column width=&#8220;1/2&#8243;][vc_single_image image=&#8220;300&#8243; img_size=&#8220;full&#8220; onclick=&#8220;custom_link&#8220; link=&#8220;https://fair-rhein.de/kalkar/verein/&#8220;][vc_column_text]</p>
<h4><strong>Verein</strong></h4>
<p>Im Jahr 2006 hat sich unsere Eine-Welt-Gruppe gebildet. Zu unserem Eine-Welt-Team gehören Männer und Frauen, die sich ehrenamtlich für den Fairen Handel engagieren. <a href="https://fair-rhein.de/kalkar/verein/">+ lernen Sie uns kennen</a>[/vc_column_text][/vc_column][/vc_row][vc_row type=&#8220;vc_default&#8220; full_width=&#8220;stretch_row&#8220; bg_type=&#8220;bg_color&#8220; bg_color_value=&#8220;#e77600&#8243;][vc_column][vc_column_text]</p>
<p style="text-align: left"><span style="color: #ffffff">&#8222;Wenn die Länder des Überflusses den Entwicklungsländern gerechte Preise für ihre Produkte zahlen würden, könnten sie ihre Unterstützung und ihre Hilfspläne für sich behalten.&#8220;  <em>Dom Helder Camara</em></span></p>
<p>[/vc_column_text][/vc_column][/vc_row]</p>
</div>

<p>[vc_row][vc_column][vc_column_text] Willkommen im ! [/vc_column_text][vc_separator][/vc_column][/vc_row][vc_row][vc_column][vc_column_text]Wir freuen uns, wenn Sie uns und den Fairen Handel auch jetzt durch Ihren Einkauf unterstützen![/vc_column_text][vc_separator][vc_empty_space][vc_column_text]Wir&hellip;</p>
