{"id":37,"date":"2017-12-12T15:12:26","date_gmt":"2017-12-12T14:12:26","guid":{"rendered":"https:\/\/fair-rhein.de\/kevelaer\/?page_id=37"},"modified":"2019-02-13T09:29:13","modified_gmt":"2019-02-13T08:29:13","slug":"fairer-handel","status":"publish","type":"page","link":"https:\/\/fair-rhein.de\/kevelaer\/fairer-handel\/","title":{"rendered":"Fairer Handel"},"content":{"rendered":"<div class=\"wpb-content-wrapper\"><p>[vc_row][vc_column][vc_column_text]<\/p>\n<h1>Fairer Handel<\/h1>\n<p>[\/vc_column_text][vc_column_text]Der Faire Handel ist eine internationale Bewegung f\u00fcr mehr Gerechtigkeit im Welthandel. Er ist eine Handelspartnerschaft, die auf Dialog, Transparenz und Respekt beruht. So bekommen die Produzenten eine faire Chance, ihre wirtschaftliche und soziale Existenz dauerhaft zu sichern. Es geht um gute Produkte zu fairen Preisen, die Produzenten ein Leben in W\u00fcrde sowie Investitionen in die Zukunft erm\u00f6glichen.<\/p>\n<p>Fair gehandelte Produkte gibt es in den Weltl\u00e4den ebenso wie in Superm\u00e4rkten, Kantinen und Caf\u00e9s. Immer mehr konventionelle Anbieter werben mit Fairness und bezeichnen ihre Produkte als nachhaltig. Aber sind sie deshalb auch Teil des fairen Handels?[\/vc_column_text][vc_row_inner][vc_column_inner width=&#8220;1\/3&#8243;][vc_single_image image=&#8220;275&#8243; img_size=&#8220;full&#8220;][\/vc_column_inner][vc_column_inner width=&#8220;2\/3&#8243;][vc_column_text]<\/p>\n<h2>Fairer Handel im Weltladen<\/h2>\n<p>Viele Produkte unseres t\u00e4glichen Bedarfs kommen aus L\u00e4ndern des globalen S\u00fcdens: Der Kaffee oder Tee zum Fr\u00fchst\u00fcck, die Banane in der Mittagspause.<br \/>\n<a href=\"#ak-fairerhandel\">+ mehr<\/a>[\/vc_column_text][vc_column_text el_class=&#8220;ek-fairerhandel&#8220;]Die im Weltladen angebotenen Produkte sind ein wenig teurer als die Konkurrenz im Supermarkt, aber mit dem h\u00f6heren Verkaufserl\u00f6s werden die Kooperativen und Genossenschaften der Kleinbauern \u00fcberall in der Welt unterst\u00fctzt. Zudem engagieren sich MitarbeiterInnen im Weltladen ehrenamtlich; mit den \u00dcbersch\u00fcssen aus den Warenverk\u00e4ufen des Weltladens k\u00f6nnen so \u2013 im Gegensatz zu den fair gehandelten Produkten im Supermarkt \u2013 verschiedene Projekte unterst\u00fctzt werden.[\/vc_column_text][\/vc_column_inner][\/vc_row_inner][vc_row_inner][vc_column_inner width=&#8220;1\/3&#8243;][vc_single_image image=&#8220;106&#8243; img_size=&#8220;full&#8220;][\/vc_column_inner][vc_column_inner width=&#8220;2\/3&#8243;][vc_column_text]<\/p>\n<h2>Warum fairer Handel?<\/h2>\n<p>Fairer Handel ist eine internationale Bewegung f\u00fcr mehr Gerechtigkeit im Welthandel.<br \/>\n<a href=\"#ak-warumFH\">+ mehr<\/a>[\/vc_column_text][vc_column_text el_class=&#8220;ek-warumFH&#8220;]Viele Menschen in den L\u00e4ndern auf der S\u00fcdhalbkugel arbeiten unter unw\u00fcrdigen Bedingungen und erhalten f\u00fcr ihre Produkte so niedrige Preise, dass nicht einmal die Herstellungskosten gedeckt sind. Die Existenz von unz\u00e4hligen Kleinbauern- und Arbeiterfamilien ist bedroht. F\u00fcr sie setzt sich der Faire Handel ein. Durch garantierte Abnahmepreise und Abnahmemengen k\u00f6nnen auch kleinere Unternehmen planen, wirtschaften und ihre Existenz langfristig sichern. Fairer Handel sch\u00fctzt Kinderrechte, f\u00f6rdert die Gleichstellung der Geschlechter und hilft, Existenzen zu sichern \u2013 vor allem im S\u00fcden, aber auch im Norden.[\/vc_column_text][\/vc_column_inner][\/vc_row_inner][vc_row_inner][vc_column_inner width=&#8220;1\/3&#8243;][vc_single_image image=&#8220;107&#8243; img_size=&#8220;full&#8220;][\/vc_column_inner][vc_column_inner width=&#8220;2\/3&#8243;][vc_column_text]<\/p>\n<h2>Grunds\u00e4tze des fairen Handels<\/h2>\n<p>Im Jahre 2009 wurde eine Grundsatz-Charta f\u00fcr den Fairen Handel erstellt.<br \/>\n<a href=\"#ak-grundsaetze\">+ mehr<\/a>[\/vc_column_text][vc_column_text el_class=&#8220;ek-grundsaetze&#8220;]<\/p>\n<ul>\n<li>Marktzugang auch f\u00fcr kleine Betriebe<\/li>\n<li>langfristige, transparente und partnerschaftliche Handelsbeziehungen<\/li>\n<li>faire Preise, die Produktions- und Lebenshaltungskosten decken<\/li>\n<li>St\u00e4rkung der Rechte von ArbeiterInnen und Kleinbauern<\/li>\n<li>Sicherung der Rechte von Kindern und Frauen<\/li>\n<li>Umweltschutz durch Bioprodukte<\/li>\n<li>Bildungs- und politische Kampagnenarbeit<\/li>\n<li>\u00dcberpr\u00fcfungsmechanismen zur Einhaltung der Kriterien<\/li>\n<\/ul>\n<p>[\/vc_column_text][\/vc_column_inner][\/vc_row_inner][vc_row_inner][vc_column_inner width=&#8220;1\/3&#8243;][vc_single_image image=&#8220;108&#8243; img_size=&#8220;full&#8220;][\/vc_column_inner][vc_column_inner width=&#8220;2\/3&#8243;][vc_column_text]<\/p>\n<h2>Import-Organisationen &amp; Siegel-Initiativen<\/h2>\n<p>Hier finden Sie Links zu den Fair-Handels-Importorganisationen und den bekanntesten Siegel-Initiativen.<br \/>\n<a href=\"#ak-organisationen\">+ mehr<\/a>[\/vc_column_text][vc_column_text el_class=&#8220;ek-organisationen&#8220;]<\/p>\n<ul>\n<li><a href=\"http:\/\/www.gepa.de\/\" target=\"_blank\" rel=\"noopener\">GEPA<\/a><\/li>\n<li><a href=\"http:\/\/www.el-puente.de\/\" target=\"_blank\" rel=\"noopener\">El Puente<\/a><\/li>\n<li><a href=\"http:\/\/www.dwp-rv.de\/\">dwp<\/a><\/li>\n<li><a href=\"http:\/\/www.fair-band.de\/\" target=\"_blank\" rel=\"noopener\">Fair-Band<\/a><\/li>\n<li><a href=\"http:\/\/www.naturland.de\/de\/naturland\/was-wir-tun\/naturland-fair.html\" target=\"_blank\" rel=\"noopener\">Naturland Fair<\/a><\/li>\n<li style=\"text-align: left;\"><a href=\"http:\/\/www.fairtrade-deutschland.de\/\" target=\"_blank\" rel=\"noopener\">Fairtrade Deutschland<\/a><\/li>\n<\/ul>\n<p>[\/vc_column_text][\/vc_column_inner][\/vc_row_inner][\/vc_column][\/vc_row][vc_row type=&#8220;vc_default&#8220; bg_type=&#8220;bg_color&#8220; bg_color_value=&#8220;#f4e4be&#8220; css=&#8220;.vc_custom_1516781563506{padding-right: 16px !important;padding-left: 15px !important;}&#8220;][vc_column][vc_empty_space height=&#8220;20px&#8220;][vc_column_text]<strong>Ausf\u00fchrliche Informationen und eine gro\u00dfe Material-Datenbank f\u00fcr die Bildungsarbeit im Fairen Handel\u00a0finden Sie beim\u00a0<a href=\"http:\/\/www.forum-fairer-handel.de\/\" target=\"_blank\" rel=\"noopener\">Forum Fairer Handel<\/a>.<\/strong>[\/vc_column_text][\/vc_column][\/vc_row]<\/p>\n<\/div>","protected":false},"excerpt":{"rendered":"<p>[vc_row][vc_column][vc_column_text] Fairer Handel [\/vc_column_text][vc_column_text]Der Faire Handel ist eine internationale Bewegung f\u00fcr mehr Gerechtigkeit im Welthandel. Er ist eine Handelspartnerschaft, die&hellip;<\/p>\n","protected":false},"author":23,"featured_media":0,"parent":0,"menu_order":0,"comment_status":"closed","ping_status":"closed","template":"","meta":{"footnotes":""},"class_list":["post-37","page","type-page","status-publish","hentry","description-off"],"yoast_head":"<!-- This site is optimized with the Yoast SEO plugin v23.4 - https:\/\/yoast.com\/wordpress\/plugins\/seo\/ -->\n<title>Fairer Handel - Weltladen Kevelaer<\/title>\n<meta name=\"robots\" content=\"index, follow, max-snippet:-1, max-image-preview:large, max-video-preview:-1\" \/>\n<link rel=\"canonical\" href=\"https:\/\/fair-rhein.de\/kevelaer\/fairer-handel\/\" \/>\n<meta property=\"og:locale\" content=\"de_DE\" \/>\n<meta property=\"og:type\" content=\"article\" \/>\n<meta property=\"og:title\" content=\"Fairer Handel - Weltladen Kevelaer\" \/>\n<meta property=\"og:description\" content=\"[vc_row][vc_column][vc_column_text] Fairer Handel [\/vc_column_text][vc_column_text]Der Faire Handel ist eine internationale Bewegung f\u00fcr mehr Gerechtigkeit im Welthandel. Er ist eine Handelspartnerschaft, die&hellip;\" \/>\n<meta property=\"og:url\" content=\"https:\/\/fair-rhein.de\/kevelaer\/fairer-handel\/\" \/>\n<meta property=\"og:site_name\" content=\"Weltladen Kevelaer\" \/>\n<meta property=\"article:modified_time\" content=\"2019-02-13T08:29:13+00:00\" \/>\n<meta name=\"twitter:card\" content=\"summary_large_image\" \/>\n<meta name=\"twitter:label1\" content=\"Gesch\u00e4tzte Lesezeit\" \/>\n\t<meta name=\"twitter:data1\" content=\"3\u00a0Minuten\" \/>\n<script type=\"application\/ld+json\" class=\"yoast-schema-graph\">{\"@context\":\"https:\/\/schema.org\",\"@graph\":[{\"@type\":\"WebPage\",\"@id\":\"https:\/\/fair-rhein.de\/kevelaer\/fairer-handel\/\",\"url\":\"https:\/\/fair-rhein.de\/kevelaer\/fairer-handel\/\",\"name\":\"Fairer Handel - Weltladen Kevelaer\",\"isPartOf\":{\"@id\":\"https:\/\/fair-rhein.de\/kevelaer\/#website\"},\"datePublished\":\"2017-12-12T14:12:26+00:00\",\"dateModified\":\"2019-02-13T08:29:13+00:00\",\"breadcrumb\":{\"@id\":\"https:\/\/fair-rhein.de\/kevelaer\/fairer-handel\/#breadcrumb\"},\"inLanguage\":\"de\",\"potentialAction\":[{\"@type\":\"ReadAction\",\"target\":[\"https:\/\/fair-rhein.de\/kevelaer\/fairer-handel\/\"]}]},{\"@type\":\"BreadcrumbList\",\"@id\":\"https:\/\/fair-rhein.de\/kevelaer\/fairer-handel\/#breadcrumb\",\"itemListElement\":[{\"@type\":\"ListItem\",\"position\":1,\"name\":\"Startseite\",\"item\":\"https:\/\/fair-rhein.de\/kevelaer\/\"},{\"@type\":\"ListItem\",\"position\":2,\"name\":\"Fairer Handel\"}]},{\"@type\":\"WebSite\",\"@id\":\"https:\/\/fair-rhein.de\/kevelaer\/#website\",\"url\":\"https:\/\/fair-rhein.de\/kevelaer\/\",\"name\":\"Weltladen Kevelaer\",\"description\":\"Fairer Handel in Kevelaer\",\"potentialAction\":[{\"@type\":\"SearchAction\",\"target\":{\"@type\":\"EntryPoint\",\"urlTemplate\":\"https:\/\/fair-rhein.de\/kevelaer\/?s={search_term_string}\"},\"query-input\":{\"@type\":\"PropertyValueSpecification\",\"valueRequired\":true,\"valueName\":\"search_term_string\"}}],\"inLanguage\":\"de\"}]}<\/script>\n<!-- \/ Yoast SEO plugin. -->","yoast_head_json":{"title":"Fairer Handel - Weltladen Kevelaer","robots":{"index":"index","follow":"follow","max-snippet":"max-snippet:-1","max-image-preview":"max-image-preview:large","max-video-preview":"max-video-preview:-1"},"canonical":"https:\/\/fair-rhein.de\/kevelaer\/fairer-handel\/","og_locale":"de_DE","og_type":"article","og_title":"Fairer Handel - Weltladen Kevelaer","og_description":"[vc_row][vc_column][vc_column_text] Fairer Handel [\/vc_column_text][vc_column_text]Der Faire Handel ist eine internationale Bewegung f\u00fcr mehr Gerechtigkeit im Welthandel. Er ist eine Handelspartnerschaft, die&hellip;","og_url":"https:\/\/fair-rhein.de\/kevelaer\/fairer-handel\/","og_site_name":"Weltladen Kevelaer","article_modified_time":"2019-02-13T08:29:13+00:00","twitter_card":"summary_large_image","twitter_misc":{"Gesch\u00e4tzte Lesezeit":"3\u00a0Minuten"},"schema":{"@context":"https:\/\/schema.org","@graph":[{"@type":"WebPage","@id":"https:\/\/fair-rhein.de\/kevelaer\/fairer-handel\/","url":"https:\/\/fair-rhein.de\/kevelaer\/fairer-handel\/","name":"Fairer Handel - Weltladen Kevelaer","isPartOf":{"@id":"https:\/\/fair-rhein.de\/kevelaer\/#website"},"datePublished":"2017-12-12T14:12:26+00:00","dateModified":"2019-02-13T08:29:13+00:00","breadcrumb":{"@id":"https:\/\/fair-rhein.de\/kevelaer\/fairer-handel\/#breadcrumb"},"inLanguage":"de","potentialAction":[{"@type":"ReadAction","target":["https:\/\/fair-rhein.de\/kevelaer\/fairer-handel\/"]}]},{"@type":"BreadcrumbList","@id":"https:\/\/fair-rhein.de\/kevelaer\/fairer-handel\/#breadcrumb","itemListElement":[{"@type":"ListItem","position":1,"name":"Startseite","item":"https:\/\/fair-rhein.de\/kevelaer\/"},{"@type":"ListItem","position":2,"name":"Fairer Handel"}]},{"@type":"WebSite","@id":"https:\/\/fair-rhein.de\/kevelaer\/#website","url":"https:\/\/fair-rhein.de\/kevelaer\/","name":"Weltladen Kevelaer","description":"Fairer Handel in Kevelaer","potentialAction":[{"@type":"SearchAction","target":{"@type":"EntryPoint","urlTemplate":"https:\/\/fair-rhein.de\/kevelaer\/?s={search_term_string}"},"query-input":{"@type":"PropertyValueSpecification","valueRequired":true,"valueName":"search_term_string"}}],"inLanguage":"de"}]}},"_links":{"self":[{"href":"https:\/\/fair-rhein.de\/kevelaer\/wp-json\/wp\/v2\/pages\/37","targetHints":{"allow":["GET"]}}],"collection":[{"href":"https:\/\/fair-rhein.de\/kevelaer\/wp-json\/wp\/v2\/pages"}],"about":[{"href":"https:\/\/fair-rhein.de\/kevelaer\/wp-json\/wp\/v2\/types\/page"}],"author":[{"embeddable":true,"href":"https:\/\/fair-rhein.de\/kevelaer\/wp-json\/wp\/v2\/users\/23"}],"replies":[{"embeddable":true,"href":"https:\/\/fair-rhein.de\/kevelaer\/wp-json\/wp\/v2\/comments?post=37"}],"version-history":[{"count":12,"href":"https:\/\/fair-rhein.de\/kevelaer\/wp-json\/wp\/v2\/pages\/37\/revisions"}],"predecessor-version":[{"id":276,"href":"https:\/\/fair-rhein.de\/kevelaer\/wp-json\/wp\/v2\/pages\/37\/revisions\/276"}],"wp:attachment":[{"href":"https:\/\/fair-rhein.de\/kevelaer\/wp-json\/wp\/v2\/media?parent=37"}],"curies":[{"name":"wp","href":"https:\/\/api.w.org\/{rel}","templated":true}]}}