{"id":80,"date":"2018-01-15T20:34:54","date_gmt":"2018-01-15T19:34:54","guid":{"rendered":"https:\/\/fair-rhein.de\/osterath\/?page_id=80"},"modified":"2019-01-02T12:33:21","modified_gmt":"2019-01-02T11:33:21","slug":"ueber-uns","status":"publish","type":"page","link":"https:\/\/fair-rhein.de\/osterath\/ueber-uns\/","title":{"rendered":"\u00dcber uns"},"content":{"rendered":"<div class=\"wpb-content-wrapper\"><p>[vc_row][vc_column][vc_column_text]<\/p>\n<h1>\u00dcber uns<\/h1>\n<p>[\/vc_column_text][\/vc_column][\/vc_row][vc_row][vc_column][vc_column_text]<\/p>\n<h2>Wer wir sind \u2026<\/h2>\n<div>\n<p>Wir sind ein nettes Team aus 20 Engagierten, die sich schon lange der Idee des Fairen Handels verschrieben haben.<\/p>\n<\/div>\n<p>[\/vc_column_text][\/vc_column][\/vc_row][vc_row][vc_column width=&#8220;2\/3&#8243;][vc_empty_space height=&#8220;20px&#8220;][vc_column_text]<\/p>\n<h2>Unsere Ziele \u2026<\/h2>\n<p>Als Teil einer Bewegung, die glaubt, dass Handel ein wichtiges Instrument zur Armutsbek\u00e4mpfung und f\u00fcr mehr nachhaltige Entwicklung sein kann, werden bei uns ausschlie\u00dflich Waren verkauft, die Produzenten langfristig sichere und gerechte Preise garantieren und dar\u00fcber hinaus durch Weiterbildungen und Vorfinanzierungen mehr Gerechtigkeit und Transparenz im internationalen Handel herbeif\u00fchren.<\/p>\n<p>Da auch Spa\u00df am Gruppenerlebnis dazu geh\u00f6rt, gibt es regelm\u00e4\u00dfige Teamtreffen in geselliger Runde.[\/vc_column_text][vc_empty_space height=&#8220;20px&#8220;][\/vc_column][vc_column width=&#8220;1\/3&#8243;][vc_single_image image=&#8220;363&#8243; img_size=&#8220;200&#215;200&#8243; alignment=&#8220;right&#8220;][\/vc_column][\/vc_row][vc_row type=&#8220;vc_default&#8220; bg_type=&#8220;bg_color&#8220; bg_color_value=&#8220;#f4e4be&#8220;][vc_column width=&#8220;2\/3&#8243;][vc_column_text]<\/p>\n<h2><a href=\"https:\/\/fair-rhein.de\/osterath\/weltladen\/mitarbeit-im-weltladen\/\">Mitarbeit im Weltladen<\/a><\/h2>\n<p>F\u00fcr unseren Ladendienst suchen wir auch immer <strong>ehrenamtliche Mitarbeiter\/innen<\/strong>, die stundenweise helfen. Nehmen Sie gerne Kontakt zu uns unter\u00a0<a href=\"mailto:info@weltladen-osterath.de\">info@weltladen-osterath.de<\/a> auf und informieren sich unverbindlich \u00fcber die Aufgaben im Weltladen.<\/p>\n<p><a href=\"https:\/\/fair-rhein.de\/osterath\/weltladen\/mitarbeit-im-weltladen\/\">+ mehr<\/a>[\/vc_column_text][\/vc_column][vc_column width=&#8220;1\/3&#8243;][vc_single_image image=&#8220;539&#8243; img_size=&#8220;&#8220;][\/vc_column][\/vc_row]<\/p>\n<\/div>","protected":false},"excerpt":{"rendered":"<p>[vc_row][vc_column][vc_column_text] \u00dcber uns [\/vc_column_text][\/vc_column][\/vc_row][vc_row][vc_column][vc_column_text] Wer wir sind \u2026 Wir sind ein nettes Team aus 20 Engagierten, die sich schon lange&hellip;<\/p>\n","protected":false},"author":23,"featured_media":0,"parent":0,"menu_order":5,"comment_status":"closed","ping_status":"closed","template":"","meta":{"footnotes":""},"class_list":["post-80","page","type-page","status-publish","hentry","description-off"],"yoast_head":"<!-- This site is optimized with the Yoast SEO plugin v23.4 - https:\/\/yoast.com\/wordpress\/plugins\/seo\/ -->\n<title>\u00dcber uns - Weltladen Osterath<\/title>\n<meta name=\"description\" content=\"Fair gehandelte Waren,die weltweit Menschen erm\u00f6glichen, durch ihre Arbeit einen angemessenen und w\u00fcrdigen Lebensstandard zu halten, sind unsere Motivation, uns f\u00fcr Fairen Handel zu engagieren.\" \/>\n<meta name=\"robots\" content=\"index, follow, max-snippet:-1, max-image-preview:large, max-video-preview:-1\" \/>\n<link rel=\"canonical\" href=\"https:\/\/fair-rhein.de\/osterath\/ueber-uns\/\" \/>\n<meta property=\"og:locale\" content=\"de_DE\" \/>\n<meta property=\"og:type\" content=\"article\" \/>\n<meta property=\"og:title\" content=\"\u00dcber uns - Weltladen Osterath\" \/>\n<meta property=\"og:description\" content=\"Fair gehandelte Waren,die weltweit Menschen erm\u00f6glichen, durch ihre Arbeit einen angemessenen und w\u00fcrdigen Lebensstandard zu halten, sind unsere Motivation, uns f\u00fcr Fairen Handel zu engagieren.\" \/>\n<meta property=\"og:url\" content=\"https:\/\/fair-rhein.de\/osterath\/ueber-uns\/\" \/>\n<meta property=\"og:site_name\" content=\"Weltladen Osterath\" \/>\n<meta property=\"article:publisher\" content=\"https:\/\/www.facebook.com\/WeltladenOsterath\/\" \/>\n<meta property=\"article:modified_time\" content=\"2019-01-02T11:33:21+00:00\" \/>\n<meta name=\"twitter:card\" content=\"summary_large_image\" \/>\n<meta name=\"twitter:label1\" content=\"Gesch\u00e4tzte Lesezeit\" \/>\n\t<meta name=\"twitter:data1\" content=\"1\u00a0Minute\" \/>\n<script type=\"application\/ld+json\" class=\"yoast-schema-graph\">{\"@context\":\"https:\/\/schema.org\",\"@graph\":[{\"@type\":\"WebPage\",\"@id\":\"https:\/\/fair-rhein.de\/osterath\/ueber-uns\/\",\"url\":\"https:\/\/fair-rhein.de\/osterath\/ueber-uns\/\",\"name\":\"\u00dcber uns - Weltladen Osterath\",\"isPartOf\":{\"@id\":\"https:\/\/fair-rhein.de\/osterath\/#website\"},\"datePublished\":\"2018-01-15T19:34:54+00:00\",\"dateModified\":\"2019-01-02T11:33:21+00:00\",\"description\":\"Fair gehandelte Waren,die weltweit Menschen erm\u00f6glichen, durch ihre Arbeit einen angemessenen und w\u00fcrdigen Lebensstandard zu halten, sind unsere Motivation, uns f\u00fcr Fairen Handel zu engagieren.\",\"breadcrumb\":{\"@id\":\"https:\/\/fair-rhein.de\/osterath\/ueber-uns\/#breadcrumb\"},\"inLanguage\":\"de\",\"potentialAction\":[{\"@type\":\"ReadAction\",\"target\":[\"https:\/\/fair-rhein.de\/osterath\/ueber-uns\/\"]}]},{\"@type\":\"BreadcrumbList\",\"@id\":\"https:\/\/fair-rhein.de\/osterath\/ueber-uns\/#breadcrumb\",\"itemListElement\":[{\"@type\":\"ListItem\",\"position\":1,\"name\":\"Startseite\",\"item\":\"https:\/\/fair-rhein.de\/osterath\/\"},{\"@type\":\"ListItem\",\"position\":2,\"name\":\"\u00dcber uns\"}]},{\"@type\":\"WebSite\",\"@id\":\"https:\/\/fair-rhein.de\/osterath\/#website\",\"url\":\"https:\/\/fair-rhein.de\/osterath\/\",\"name\":\"Weltladen Osterath\",\"description\":\"Fair gehandelte Waren aus aller Welt.\",\"potentialAction\":[{\"@type\":\"SearchAction\",\"target\":{\"@type\":\"EntryPoint\",\"urlTemplate\":\"https:\/\/fair-rhein.de\/osterath\/?s={search_term_string}\"},\"query-input\":{\"@type\":\"PropertyValueSpecification\",\"valueRequired\":true,\"valueName\":\"search_term_string\"}}],\"inLanguage\":\"de\"}]}<\/script>\n<!-- \/ Yoast SEO plugin. -->","yoast_head_json":{"title":"\u00dcber uns - Weltladen Osterath","description":"Fair gehandelte Waren,die weltweit Menschen erm\u00f6glichen, durch ihre Arbeit einen angemessenen und w\u00fcrdigen Lebensstandard zu halten, sind unsere Motivation, uns f\u00fcr Fairen Handel zu engagieren.","robots":{"index":"index","follow":"follow","max-snippet":"max-snippet:-1","max-image-preview":"max-image-preview:large","max-video-preview":"max-video-preview:-1"},"canonical":"https:\/\/fair-rhein.de\/osterath\/ueber-uns\/","og_locale":"de_DE","og_type":"article","og_title":"\u00dcber uns - Weltladen Osterath","og_description":"Fair gehandelte Waren,die weltweit Menschen erm\u00f6glichen, durch ihre Arbeit einen angemessenen und w\u00fcrdigen Lebensstandard zu halten, sind unsere Motivation, uns f\u00fcr Fairen Handel zu engagieren.","og_url":"https:\/\/fair-rhein.de\/osterath\/ueber-uns\/","og_site_name":"Weltladen Osterath","article_publisher":"https:\/\/www.facebook.com\/WeltladenOsterath\/","article_modified_time":"2019-01-02T11:33:21+00:00","twitter_card":"summary_large_image","twitter_misc":{"Gesch\u00e4tzte Lesezeit":"1\u00a0Minute"},"schema":{"@context":"https:\/\/schema.org","@graph":[{"@type":"WebPage","@id":"https:\/\/fair-rhein.de\/osterath\/ueber-uns\/","url":"https:\/\/fair-rhein.de\/osterath\/ueber-uns\/","name":"\u00dcber uns - Weltladen Osterath","isPartOf":{"@id":"https:\/\/fair-rhein.de\/osterath\/#website"},"datePublished":"2018-01-15T19:34:54+00:00","dateModified":"2019-01-02T11:33:21+00:00","description":"Fair gehandelte Waren,die weltweit Menschen erm\u00f6glichen, durch ihre Arbeit einen angemessenen und w\u00fcrdigen Lebensstandard zu halten, sind unsere Motivation, uns f\u00fcr Fairen Handel zu engagieren.","breadcrumb":{"@id":"https:\/\/fair-rhein.de\/osterath\/ueber-uns\/#breadcrumb"},"inLanguage":"de","potentialAction":[{"@type":"ReadAction","target":["https:\/\/fair-rhein.de\/osterath\/ueber-uns\/"]}]},{"@type":"BreadcrumbList","@id":"https:\/\/fair-rhein.de\/osterath\/ueber-uns\/#breadcrumb","itemListElement":[{"@type":"ListItem","position":1,"name":"Startseite","item":"https:\/\/fair-rhein.de\/osterath\/"},{"@type":"ListItem","position":2,"name":"\u00dcber uns"}]},{"@type":"WebSite","@id":"https:\/\/fair-rhein.de\/osterath\/#website","url":"https:\/\/fair-rhein.de\/osterath\/","name":"Weltladen Osterath","description":"Fair gehandelte Waren aus aller Welt.","potentialAction":[{"@type":"SearchAction","target":{"@type":"EntryPoint","urlTemplate":"https:\/\/fair-rhein.de\/osterath\/?s={search_term_string}"},"query-input":{"@type":"PropertyValueSpecification","valueRequired":true,"valueName":"search_term_string"}}],"inLanguage":"de"}]}},"_links":{"self":[{"href":"https:\/\/fair-rhein.de\/osterath\/wp-json\/wp\/v2\/pages\/80","targetHints":{"allow":["GET"]}}],"collection":[{"href":"https:\/\/fair-rhein.de\/osterath\/wp-json\/wp\/v2\/pages"}],"about":[{"href":"https:\/\/fair-rhein.de\/osterath\/wp-json\/wp\/v2\/types\/page"}],"author":[{"embeddable":true,"href":"https:\/\/fair-rhein.de\/osterath\/wp-json\/wp\/v2\/users\/23"}],"replies":[{"embeddable":true,"href":"https:\/\/fair-rhein.de\/osterath\/wp-json\/wp\/v2\/comments?post=80"}],"version-history":[{"count":28,"href":"https:\/\/fair-rhein.de\/osterath\/wp-json\/wp\/v2\/pages\/80\/revisions"}],"predecessor-version":[{"id":734,"href":"https:\/\/fair-rhein.de\/osterath\/wp-json\/wp\/v2\/pages\/80\/revisions\/734"}],"wp:attachment":[{"href":"https:\/\/fair-rhein.de\/osterath\/wp-json\/wp\/v2\/media?parent=80"}],"curies":[{"name":"wp","href":"https:\/\/api.w.org\/{rel}","templated":true}]}}

Über uns

<div class="wpb-content-wrapper"><p>[vc_row][vc_column][vc_column_text]</p>
<h1>Über uns</h1>
<p>[/vc_column_text][/vc_column][/vc_row][vc_row][vc_column][vc_column_text]</p>
<h2>Wer wir sind …</h2>
<div>
<p>Wir sind ein nettes Team aus 20 Engagierten, die sich schon lange der Idee des Fairen Handels verschrieben haben.</p>
</div>
<p>[/vc_column_text][/vc_column][/vc_row][vc_row][vc_column width=&#8220;2/3&#8243;][vc_empty_space height=&#8220;20px&#8220;][vc_column_text]</p>
<h2>Unsere Ziele …</h2>
<p>Als Teil einer Bewegung, die glaubt, dass Handel ein wichtiges Instrument zur Armutsbekämpfung und für mehr nachhaltige Entwicklung sein kann, werden bei uns ausschließlich Waren verkauft, die Produzenten langfristig sichere und gerechte Preise garantieren und darüber hinaus durch Weiterbildungen und Vorfinanzierungen mehr Gerechtigkeit und Transparenz im internationalen Handel herbeiführen.</p>
<p>Da auch Spaß am Gruppenerlebnis dazu gehört, gibt es regelmäßige Teamtreffen in geselliger Runde.[/vc_column_text][vc_empty_space height=&#8220;20px&#8220;][/vc_column][vc_column width=&#8220;1/3&#8243;][vc_single_image image=&#8220;363&#8243; img_size=&#8220;200&#215;200&#8243; alignment=&#8220;right&#8220;][/vc_column][/vc_row][vc_row type=&#8220;vc_default&#8220; bg_type=&#8220;bg_color&#8220; bg_color_value=&#8220;#f4e4be&#8220;][vc_column width=&#8220;2/3&#8243;][vc_column_text]</p>
<h2><a href="https://fair-rhein.de/osterath/weltladen/mitarbeit-im-weltladen/">Mitarbeit im Weltladen</a></h2>
<p>Für unseren Ladendienst suchen wir auch immer <strong>ehrenamtliche Mitarbeiter/innen</strong>, die stundenweise helfen. Nehmen Sie gerne Kontakt zu uns unter <a href="mailto:info@weltladen-osterath.de">info@weltladen-osterath.de</a> auf und informieren sich unverbindlich über die Aufgaben im Weltladen.</p>
<p><a href="https://fair-rhein.de/osterath/weltladen/mitarbeit-im-weltladen/">+ mehr</a>[/vc_column_text][/vc_column][vc_column width=&#8220;1/3&#8243;][vc_single_image image=&#8220;539&#8243; img_size=&#8220;&#8220;][/vc_column][/vc_row]</p>
</div>

<p>[vc_row][vc_column][vc_column_text] Über uns [/vc_column_text][/vc_column][/vc_row][vc_row][vc_column][vc_column_text] Wer wir sind … Wir sind ein nettes Team aus 20 Engagierten, die sich schon lange&hellip;</p>

<!-- This site is optimized with the Yoast SEO plugin v23.4 - https://yoast.com/wordpress/plugins/seo/ -->
<title>Über uns - Weltladen Osterath</title>
<meta name="description" content="Fair gehandelte Waren,die weltweit Menschen ermöglichen, durch ihre Arbeit einen angemessenen und würdigen Lebensstandard zu halten, sind unsere Motivation, uns für Fairen Handel zu engagieren." />
<meta name="robots" content="index, follow, max-snippet:-1, max-image-preview:large, max-video-preview:-1" />
<link rel="canonical" href="https://fair-rhein.de/osterath/ueber-uns/" />
<meta property="og:locale" content="de_DE" />
<meta property="og:type" content="article" />
<meta property="og:title" content="Über uns - Weltladen Osterath" />
<meta property="og:description" content="Fair gehandelte Waren,die weltweit Menschen ermöglichen, durch ihre Arbeit einen angemessenen und würdigen Lebensstandard zu halten, sind unsere Motivation, uns für Fairen Handel zu engagieren." />
<meta property="og:url" content="https://fair-rhein.de/osterath/ueber-uns/" />
<meta property="og:site_name" content="Weltladen Osterath" />
<meta property="article:publisher" content="https://www.facebook.com/WeltladenOsterath/" />
<meta property="article:modified_time" content="2019-01-02T11:33:21+00:00" />
<meta name="twitter:card" content="summary_large_image" />
<meta name="twitter:label1" content="Geschätzte Lesezeit" />
	<meta name="twitter:data1" content="1 Minute" />
<script type="application/ld+json" class="yoast-schema-graph">{"@context":"https://schema.org","@graph":[{"@type":"WebPage","@id":"https://fair-rhein.de/osterath/ueber-uns/","url":"https://fair-rhein.de/osterath/ueber-uns/","name":"Über uns - Weltladen Osterath","isPartOf":{"@id":"https://fair-rhein.de/osterath/#website"},"datePublished":"2018-01-15T19:34:54+00:00","dateModified":"2019-01-02T11:33:21+00:00","description":"Fair gehandelte Waren,die weltweit Menschen ermöglichen, durch ihre Arbeit einen angemessenen und würdigen Lebensstandard zu halten, sind unsere Motivation, uns für Fairen Handel zu engagieren.","breadcrumb":{"@id":"https://fair-rhein.de/osterath/ueber-uns/#breadcrumb"},"inLanguage":"de","potentialAction":[{"@type":"ReadAction","target":["https://fair-rhein.de/osterath/ueber-uns/"]}]},{"@type":"BreadcrumbList","@id":"https://fair-rhein.de/osterath/ueber-uns/#breadcrumb","itemListElement":[{"@type":"ListItem","position":1,"name":"Startseite","item":"https://fair-rhein.de/osterath/"},{"@type":"ListItem","position":2,"name":"Über uns"}]},{"@type":"WebSite","@id":"https://fair-rhein.de/osterath/#website","url":"https://fair-rhein.de/osterath/","name":"Weltladen Osterath","description":"Fair gehandelte Waren aus aller Welt.","potentialAction":[{"@type":"SearchAction","target":{"@type":"EntryPoint","urlTemplate":"https://fair-rhein.de/osterath/?s={search_term_string}"},"query-input":{"@type":"PropertyValueSpecification","valueRequired":true,"valueName":"search_term_string"}}],"inLanguage":"de"}]}</script>
<!-- / Yoast SEO plugin. -->

Über uns - Weltladen Osterath

Fair gehandelte Waren,die weltweit Menschen ermöglichen, durch ihre Arbeit einen angemessenen und würdigen Lebensstandard zu halten, sind unsere Motivation, uns für Fairen Handel zu engagieren.
