{"version":"1.0","provider_name":"Ruhr-Global","provider_url":"https:\/\/fair-rhein.de\/ruhrglobal","title":"Corona weltweit und globale Impfgerechtigkeit - Ruhr-Global","type":"rich","width":600,"height":338,"html":"<blockquote class=\"wp-embedded-content\" data-secret=\"gOdu9C9RIJ\"><a href=\"https:\/\/fair-rhein.de\/ruhrglobal\/termin\/corona-weltweit-und-globale-impfgerechtigkeit\/\">Corona weltweit und globale Impfgerechtigkeit<\/a><\/blockquote><iframe sandbox=\"allow-scripts\" security=\"restricted\" src=\"https:\/\/fair-rhein.de\/ruhrglobal\/termin\/corona-weltweit-und-globale-impfgerechtigkeit\/embed\/#?secret=gOdu9C9RIJ\" width=\"600\" height=\"338\" title=\"&#8222;Corona weltweit und globale Impfgerechtigkeit&#8220; &#8211; Ruhr-Global\" data-secret=\"gOdu9C9RIJ\" frameborder=\"0\" marginwidth=\"0\" marginheight=\"0\" scrolling=\"no\" class=\"wp-embedded-content\"><\/iframe><script>\n\/*! This file is auto-generated *\/\n!function(d,l){\"use strict\";l.querySelector&&d.addEventListener&&\"undefined\"!=typeof URL&&(d.wp=d.wp||{},d.wp.receiveEmbedMessage||(d.wp.receiveEmbedMessage=function(e){var t=e.data;if((t||t.secret||t.message||t.value)&&!\/[^a-zA-Z0-9]\/.test(t.secret)){for(var s,r,n,a=l.querySelectorAll('iframe[data-secret=\"'+t.secret+'\"]'),o=l.querySelectorAll('blockquote[data-secret=\"'+t.secret+'\"]'),c=new RegExp(\"^https?:$\",\"i\"),i=0;i<o.length;i++)o[i].style.display=\"none\";for(i=0;i<a.length;i++)s=a[i],e.source===s.contentWindow&&(s.removeAttribute(\"style\"),\"height\"===t.message?(1e3<(r=parseInt(t.value,10))?r=1e3:~~r<200&&(r=200),s.height=r):\"link\"===t.message&&(r=new URL(s.getAttribute(\"src\")),n=new URL(t.value),c.test(n.protocol))&&n.host===r.host&&l.activeElement===s&&(d.top.location.href=t.value))}},d.addEventListener(\"message\",d.wp.receiveEmbedMessage,!1),l.addEventListener(\"DOMContentLoaded\",function(){for(var e,t,s=l.querySelectorAll(\"iframe.wp-embedded-content\"),r=0;r<s.length;r++)(t=(e=s[r]).getAttribute(\"data-secret\"))||(t=Math.random().toString(36).substring(2,12),e.src+=\"#?secret=\"+t,e.setAttribute(\"data-secret\",t)),e.contentWindow.postMessage({message:\"ready\",secret:t},\"*\")},!1)))}(window,document);\n<\/script>\n","thumbnail_url":"https:\/\/fair-rhein.de\/ruhrglobal\/wp-content\/uploads\/sites\/11\/2021\/03\/ruhrglobal-corona-weltweit-und-globale-impfgerechtigkeit-impfgerechtigkeit-scaled-e1620648324489.jpg","thumbnail_width":1707,"thumbnail_height":1107,"description":"[vc_row][vc_column width=&#8220;1\/2&#8243;][vc_single_image image=&#8220;17&#8243; img_size=&#8220;full&#8220;][\/vc_column][vc_column width=&#8220;1\/2&#8243;][\/vc_column][\/vc_row][vc_row][vc_column][vc_column_text]Die Zahlen sind erschreckend. 120 Mio. Menschen in 190 L\u00e4ndern haben sich bisher mit Covid19 infiziert und 2,6 Mio. Menschen sind daran verstorben. Gerade in den \u00e4rmeren L\u00e4ndern sind die Folgen dramatisch, so Prof. Lohner von Misereor. Lockdowns f\u00fchren zu mehr Armut und Hunger und auch andere Krankheiten drohen wieder zuzunehmen,&hellip;"}

[vc_row][vc_column width=&#8220;1/2&#8243;][vc_single_image image=&#8220;17&#8243; img_size=&#8220;full&#8220;][/vc_column][vc_column width=&#8220;1/2&#8243;][/vc_column][/vc_row][vc_row][vc_column][vc_column_text]Die Zahlen sind erschreckend. 120 Mio. Menschen in 190 Ländern haben sich bisher mit Covid19 infiziert und 2,6 Mio. Menschen sind daran verstorben. Gerade in den ärmeren Ländern sind die Folgen dramatisch, so Prof. Lohner von Misereor. Lockdowns führen zu mehr Armut und Hunger und auch andere Krankheiten drohen wieder zuzunehmen,&hellip;
