{"version":"1.0","provider_name":"Ruhr-Global","provider_url":"https:\/\/fair-rhein.de\/ruhrglobal","title":"Sport im Revier - Fairer Handel auch hier?! - Ruhr-Global","type":"rich","width":600,"height":338,"html":"<blockquote class=\"wp-embedded-content\" data-secret=\"WjwSaf2q6D\"><a href=\"https:\/\/fair-rhein.de\/ruhrglobal\/termin\/sport-im-revier-fairer-handel-auch-hier\/\">Sport im Revier &#8211; Fairer Handel auch hier?!<\/a><\/blockquote><iframe sandbox=\"allow-scripts\" security=\"restricted\" src=\"https:\/\/fair-rhein.de\/ruhrglobal\/termin\/sport-im-revier-fairer-handel-auch-hier\/embed\/#?secret=WjwSaf2q6D\" width=\"600\" height=\"338\" title=\"&#8222;Sport im Revier &#8211; Fairer Handel auch hier?!&#8220; &#8211; Ruhr-Global\" data-secret=\"WjwSaf2q6D\" frameborder=\"0\" marginwidth=\"0\" marginheight=\"0\" scrolling=\"no\" class=\"wp-embedded-content\"><\/iframe><script>\n\/*! This file is auto-generated *\/\n!function(d,l){\"use strict\";l.querySelector&&d.addEventListener&&\"undefined\"!=typeof URL&&(d.wp=d.wp||{},d.wp.receiveEmbedMessage||(d.wp.receiveEmbedMessage=function(e){var t=e.data;if((t||t.secret||t.message||t.value)&&!\/[^a-zA-Z0-9]\/.test(t.secret)){for(var s,r,n,a=l.querySelectorAll('iframe[data-secret=\"'+t.secret+'\"]'),o=l.querySelectorAll('blockquote[data-secret=\"'+t.secret+'\"]'),c=new RegExp(\"^https?:$\",\"i\"),i=0;i<o.length;i++)o[i].style.display=\"none\";for(i=0;i<a.length;i++)s=a[i],e.source===s.contentWindow&&(s.removeAttribute(\"style\"),\"height\"===t.message?(1e3<(r=parseInt(t.value,10))?r=1e3:~~r<200&&(r=200),s.height=r):\"link\"===t.message&&(r=new URL(s.getAttribute(\"src\")),n=new URL(t.value),c.test(n.protocol))&&n.host===r.host&&l.activeElement===s&&(d.top.location.href=t.value))}},d.addEventListener(\"message\",d.wp.receiveEmbedMessage,!1),l.addEventListener(\"DOMContentLoaded\",function(){for(var e,t,s=l.querySelectorAll(\"iframe.wp-embedded-content\"),r=0;r<s.length;r++)(t=(e=s[r]).getAttribute(\"data-secret\"))||(t=Math.random().toString(36).substring(2,12),e.src+=\"#?secret=\"+t,e.setAttribute(\"data-secret\",t)),e.contentWindow.postMessage({message:\"ready\",secret:t},\"*\")},!1)))}(window,document);\n<\/script>\n","thumbnail_url":"https:\/\/fair-rhein.de\/ruhrglobal\/wp-content\/uploads\/sites\/11\/2023\/07\/Faire-Baelle-Foto-C.-Priebe-scaled.jpg","thumbnail_width":2560,"thumbnail_height":1920,"description":"&nbsp; &nbsp; &nbsp; &nbsp; &nbsp; &nbsp; &nbsp; &nbsp; Wir bedanken uns noch einmal ganz herzlich bei allen Teilnehmenden. Leider ist bei der Aufzeichnung der Veranstaltung ein technisches Problem aufgetreten, so dass der Talk nicht zum Nachschauen zur Verf\u00fcgung gestellt werden kann. Um dennoch interessante Informationen der G\u00e4ste zur Verf\u00fcgung stellen zu k\u00f6nnen, haben wir mit&hellip;"}

&nbsp; &nbsp; &nbsp; &nbsp; &nbsp; &nbsp; &nbsp; &nbsp; Wir bedanken uns noch einmal ganz herzlich bei allen Teilnehmenden. Leider ist bei der Aufzeichnung der Veranstaltung ein technisches Problem aufgetreten, so dass der Talk nicht zum Nachschauen zur Verfügung gestellt werden kann. Um dennoch interessante Informationen der Gäste zur Verfügung stellen zu können, haben wir mit&hellip;
