{"version":"1.0","provider_name":"Ruhr-Global","provider_url":"https:\/\/fair-rhein.de\/ruhrglobal","title":"Das Recht zu bleiben und das Recht zu gehen! Ein digitaler Talk \u00fcber Menschenrechte, Migration und Entwicklungspolitik - Ruhr-Global","type":"rich","width":600,"height":338,"html":"<blockquote class=\"wp-embedded-content\" data-secret=\"7NnnYyPWR4\"><a href=\"https:\/\/fair-rhein.de\/ruhrglobal\/termin\/veranstaltung-in-der-zukunft\/\">Das Recht zu bleiben und das Recht zu gehen! Ein digitaler Talk \u00fcber Menschenrechte, Migration und Entwicklungspolitik<\/a><\/blockquote><iframe sandbox=\"allow-scripts\" security=\"restricted\" src=\"https:\/\/fair-rhein.de\/ruhrglobal\/termin\/veranstaltung-in-der-zukunft\/embed\/#?secret=7NnnYyPWR4\" width=\"600\" height=\"338\" title=\"&#8222;Das Recht zu bleiben und das Recht zu gehen! Ein digitaler Talk \u00fcber Menschenrechte, Migration und Entwicklungspolitik&#8220; &#8211; Ruhr-Global\" data-secret=\"7NnnYyPWR4\" frameborder=\"0\" marginwidth=\"0\" marginheight=\"0\" scrolling=\"no\" class=\"wp-embedded-content\"><\/iframe><script>\n\/*! This file is auto-generated *\/\n!function(d,l){\"use strict\";l.querySelector&&d.addEventListener&&\"undefined\"!=typeof URL&&(d.wp=d.wp||{},d.wp.receiveEmbedMessage||(d.wp.receiveEmbedMessage=function(e){var t=e.data;if((t||t.secret||t.message||t.value)&&!\/[^a-zA-Z0-9]\/.test(t.secret)){for(var s,r,n,a=l.querySelectorAll('iframe[data-secret=\"'+t.secret+'\"]'),o=l.querySelectorAll('blockquote[data-secret=\"'+t.secret+'\"]'),c=new RegExp(\"^https?:$\",\"i\"),i=0;i<o.length;i++)o[i].style.display=\"none\";for(i=0;i<a.length;i++)s=a[i],e.source===s.contentWindow&&(s.removeAttribute(\"style\"),\"height\"===t.message?(1e3<(r=parseInt(t.value,10))?r=1e3:~~r<200&&(r=200),s.height=r):\"link\"===t.message&&(r=new URL(s.getAttribute(\"src\")),n=new URL(t.value),c.test(n.protocol))&&n.host===r.host&&l.activeElement===s&&(d.top.location.href=t.value))}},d.addEventListener(\"message\",d.wp.receiveEmbedMessage,!1),l.addEventListener(\"DOMContentLoaded\",function(){for(var e,t,s=l.querySelectorAll(\"iframe.wp-embedded-content\"),r=0;r<s.length;r++)(t=(e=s[r]).getAttribute(\"data-secret\"))||(t=Math.random().toString(36).substring(2,12),e.src+=\"#?secret=\"+t,e.setAttribute(\"data-secret\",t)),e.contentWindow.postMessage({message:\"ready\",secret:t},\"*\")},!1)))}(window,document);\n<\/script>\n","thumbnail_url":"https:\/\/fair-rhein.de\/ruhrglobal\/wp-content\/uploads\/sites\/11\/2021\/09\/ruhrglobal-das-recht-zu-bleiben-und-das-recht-zu-gehen-ein-digitaler-talk-ueber-menschenrechte-und-migrationflucht-platz-an-der-sonne.jpg","thumbnail_width":2000,"thumbnail_height":2000,"description":"[vc_row][vc_column width=&#8220;1\/2&#8243;][vc_single_image image=&#8220;140&#8243; img_size=&#8220;full&#8220; add_caption=&#8220;yes&#8220;][\/vc_column][vc_column width=&#8220;1\/2&#8243;][\/vc_column][\/vc_row][vc_row][vc_column][vc_column_text]F\u00fcr einen Gro\u00dfteil der Weltbev\u00f6lkerung sind Gewalt und Elend l\u00e4ngst Alltag. Seit einigen Jahren sind die Schrecken der Welt, denen Menschen im S\u00fcden zu entkommen versuchen, auch in Europa sp\u00fcrbar. Wie k\u00f6nnen Menschen, die fl\u00fcchten m\u00fcssen oder aufgrund von Armut und Perspektivlosigkeit emigrieren auf eine Weise Zuflucht im Norden finden,&hellip;"}

Das Recht zu bleiben und das Recht zu gehen! Ein digitaler Talk über Menschenrechte, Migration und Entwicklungspolitik - Ruhr-Global

<blockquote class="wp-embedded-content" data-secret="7NnnYyPWR4"><a href="https://fair-rhein.de/ruhrglobal/termin/veranstaltung-in-der-zukunft/">Das Recht zu bleiben und das Recht zu gehen! Ein digitaler Talk über Menschenrechte, Migration und Entwicklungspolitik</a></blockquote><iframe sandbox="allow-scripts" security="restricted" src="https://fair-rhein.de/ruhrglobal/termin/veranstaltung-in-der-zukunft/embed/#?secret=7NnnYyPWR4" width="600" height="338" title="&#8222;Das Recht zu bleiben und das Recht zu gehen! Ein digitaler Talk über Menschenrechte, Migration und Entwicklungspolitik&#8220; &#8211; Ruhr-Global" data-secret="7NnnYyPWR4" frameborder="0" marginwidth="0" marginheight="0" scrolling="no" class="wp-embedded-content"></iframe><script>
/*! This file is auto-generated */
!function(d,l){"use strict";l.querySelector&&d.addEventListener&&"undefined"!=typeof URL&&(d.wp=d.wp||{},d.wp.receiveEmbedMessage||(d.wp.receiveEmbedMessage=function(e){var t=e.data;if((t||t.secret||t.message||t.value)&&!/[^a-zA-Z0-9]/.test(t.secret)){for(var s,r,n,a=l.querySelectorAll('iframe[data-secret="'+t.secret+'"]'),o=l.querySelectorAll('blockquote[data-secret="'+t.secret+'"]'),c=new RegExp("^https?:$","i"),i=0;i<o.length;i++)o[i].style.display="none";for(i=0;i<a.length;i++)s=a[i],e.source===s.contentWindow&&(s.removeAttribute("style"),"height"===t.message?(1e3<(r=parseInt(t.value,10))?r=1e3:~~r<200&&(r=200),s.height=r):"link"===t.message&&(r=new URL(s.getAttribute("src")),n=new URL(t.value),c.test(n.protocol))&&n.host===r.host&&l.activeElement===s&&(d.top.location.href=t.value))}},d.addEventListener("message",d.wp.receiveEmbedMessage,!1),l.addEventListener("DOMContentLoaded",function(){for(var e,t,s=l.querySelectorAll("iframe.wp-embedded-content"),r=0;r<s.length;r++)(t=(e=s[r]).getAttribute("data-secret"))||(t=Math.random().toString(36).substring(2,12),e.src+="#?secret="+t,e.setAttribute("data-secret",t)),e.contentWindow.postMessage({message:"ready",secret:t},"*")},!1)))}(window,document);
</script>

[vc_row][vc_column width=&#8220;1/2&#8243;][vc_single_image image=&#8220;140&#8243; img_size=&#8220;full&#8220; add_caption=&#8220;yes&#8220;][/vc_column][vc_column width=&#8220;1/2&#8243;][/vc_column][/vc_row][vc_row][vc_column][vc_column_text]Für einen Großteil der Weltbevölkerung sind Gewalt und Elend längst Alltag. Seit einigen Jahren sind die Schrecken der Welt, denen Menschen im Süden zu entkommen versuchen, auch in Europa spürbar. Wie können Menschen, die flüchten müssen oder aufgrund von Armut und Perspektivlosigkeit emigrieren auf eine Weise Zuflucht im Norden finden,&hellip;
