{"id":225,"date":"2019-12-13T12:02:11","date_gmt":"2019-12-13T11:02:11","guid":{"rendered":"https:\/\/fair-rhein.de\/weltgarten\/?page_id=225"},"modified":"2020-03-07T10:19:37","modified_gmt":"2020-03-07T09:19:37","slug":"selber-machen","status":"publish","type":"page","link":"https:\/\/fair-rhein.de\/weltgarten\/selber-machen\/","title":{"rendered":"Selber machen"},"content":{"rendered":"<div class=\"wpb-content-wrapper\"><p>[vc_row][vc_column][vc_column_text]<\/p>\n<h1>Selber machen!<\/h1>\n<p>[\/vc_column_text][vc_column_text]<strong>Herzlich willkommen. Wenn euch der Besuch im Weltgarten noch nicht gereicht hat, oder der Weg zu weit ist, haben wir hier etwas Inspiration zu Nachhaltigem Handeln zu Hause.<\/strong><\/p>\n<p>Mach&#8217;s selbst!<\/p>\n<p>Von Basteltipp mit Upcycling-Potential, \u00fcber leckere und praktische Rezepte bis hin zu Projekten von und mit der Natur. Auf dieser Seite findet ihr Ideen f\u00fcr einen nachhaltigeren Alltag zu Hause zum Nachmachen. Viel Spa\u00df![\/vc_column_text][\/vc_column][\/vc_row]<\/p>\n<\/div>","protected":false},"excerpt":{"rendered":"<p>[vc_row][vc_column][vc_column_text] Selber machen! [\/vc_column_text][vc_column_text]Herzlich willkommen. Wenn euch der Besuch im Weltgarten noch nicht gereicht hat, oder der Weg zu weit ist, haben wir hier etwas Inspiration zu Nachhaltigem Handeln zu Hause. Mach&#8217;s selbst! Von Basteltipp mit Upcycling-Potential, \u00fcber leckere und praktische Rezepte bis hin zu Projekten von und mit der Natur. Auf dieser Seite findet&hellip;<\/p>\n","protected":false},"author":30,"featured_media":0,"parent":0,"menu_order":0,"comment_status":"closed","ping_status":"closed","template":"template-blog-masonry.php","meta":{"footnotes":""},"class_list":["post-225","page","type-page","status-publish","hentry","description-off"],"_links":{"self":[{"href":"https:\/\/fair-rhein.de\/weltgarten\/wp-json\/wp\/v2\/pages\/225","targetHints":{"allow":["GET"]}}],"collection":[{"href":"https:\/\/fair-rhein.de\/weltgarten\/wp-json\/wp\/v2\/pages"}],"about":[{"href":"https:\/\/fair-rhein.de\/weltgarten\/wp-json\/wp\/v2\/types\/page"}],"author":[{"embeddable":true,"href":"https:\/\/fair-rhein.de\/weltgarten\/wp-json\/wp\/v2\/users\/30"}],"replies":[{"embeddable":true,"href":"https:\/\/fair-rhein.de\/weltgarten\/wp-json\/wp\/v2\/comments?post=225"}],"version-history":[{"count":5,"href":"https:\/\/fair-rhein.de\/weltgarten\/wp-json\/wp\/v2\/pages\/225\/revisions"}],"predecessor-version":[{"id":389,"href":"https:\/\/fair-rhein.de\/weltgarten\/wp-json\/wp\/v2\/pages\/225\/revisions\/389"}],"wp:attachment":[{"href":"https:\/\/fair-rhein.de\/weltgarten\/wp-json\/wp\/v2\/media?parent=225"}],"curies":[{"name":"wp","href":"https:\/\/api.w.org\/{rel}","templated":true}]}}